factor of m and 21.
7
Suppose -2*m - 456 = 5*k, 0*k - 5*k - 4*m - 452 = 0. Let t = k + 97. Let w be (8 - 2)*20/3. Calculate the greatest common divisor of w and t.
5
Let x(z) = z**3 + 5*z**2 + z + 10. Let g be x(-5). Let q(j) = -j**3 - 13*j**2 + 12*j - 18. Let v be q(-14). Calculate the greatest common factor of g and v.
5
Let d(q) = 3*q - 6. Let i be 1/(4/12) + 2. Suppose -30 = -i*w - 0*w. Let r be d(w). What is the highest common divisor of r and 48?
12
Let y(p) = p + 2. Let o be y(2). Suppose 2*s = 5*r + s - 109, 84 = 4*r - o*s. Let m be (-89)/(-4) - (-2)/(-8). Calculate the highest common divisor of r and m.
22
Suppose -6*v = -11*v + 200. Suppose 0*b = 4*b - v. Let t be -20*(2 + (-24)/b). What is the greatest common factor of t and 1?
1
Let i be 5 - 15/((-30)/1096). Calculate the greatest common factor of 79 and i.
79
Let r = 43 + -30. Let f(h) = 52*h**3 - h**2 - h + 2. Let z be f(1). Calculate the greatest common divisor of z and r.
13
Let o = 453 - 436. Suppose 3*n = 5*j - 4, 5*j - 2*j = -4*n + 14. Let r be (-51)/((2/(-3))/j). Calculate the greatest common divisor of o and r.
17
Suppose -18 = -i + 2. Let z = -150 + 54. Let r be (-972)/z + 2/(-16). What is the greatest common factor of r and i?
10
Suppose -2*n + 2 + 8 = 0. Suppose -4*u + 71 + 53 = n*a, -4*u + 92 = -3*a. Let x be (0 + u)/(1 - -1). Calculate the highest common factor of x and 143.
13
Let b be ((-162)/8)/((-5)/220). Calculate the greatest common factor of b and 22.
11
Suppose -8*d = -4*j - 9*d + 100, -4*d + 88 = 4*j. Calculate the highest common factor of 13 and j.
13
Let i be 37*(-12)/(1*-4). Let g = 162 - i. Let x = -12 + 29. What is the greatest common divisor of x and g?
17
Suppose -7*c + 11*c = 16. Calculate the greatest common factor of 52 and c.
4
Suppose -5*y - 49 + 9 = -5*u, 0 = y - 5. Let c = 114 - 49. What is the greatest common factor of c and u?
13
Let c = 19 + 1. Let m = c + -11. Calculate the greatest common divisor of 6 and m.
3
Let u be 49/4 + (-2)/8. Suppose -25*s = -28*s + 72. Calculate the highest common divisor of u and s.
12
Suppose 3*z + 509 = 548. What is the highest common factor of z and 208?
13
Let t be ((-6)/(-12)*2)/((-1)/(-108)). Calculate the highest common divisor of 4 and t.
4
Let y(h) = -h**2 + 7*h - 6. Let i be y(4). Let p be i*(-3)/(27/42). Let w = 47 + p. What is the greatest common factor of 133 and w?
19
Let f be (-4)/(-5)*55/22. Suppose k - 6 = -f*r - 1, 0 = -2*r - 5*k + 1. Calculate the greatest common factor of r and 27.
3
Suppose 0 = -34*o + 41*o - 329. What is the greatest common divisor of o and 752?
47
Suppose -4*c - 329 - 4 = 5*r, 2*c = 2*r - 180. Let k = -39 - c. What is the greatest common divisor of 6 and k?
6
Let k(g) = -g**2 + 10*g + 28. Let p be k(12). Calculate the highest common factor of p and 276.
4
Suppose 0 = -2*k + 21 + 3. Let y(a) = -25*a - 50. Let r be y(-2). Suppose r*s - k = -3*s. What is the highest common factor of s and 4?
4
Suppose 2*n = 5*n + 2*k - 4, 0 = -n - 4*k - 12. Suppose n*p = 150 + 210. Calculate the highest common factor of 60 and p.
30
Let x be (1/(-2)*0)/2. Suppose x = -0*r + 4*r - 448. Let y = -73 + 89. What is the highest common divisor of y and r?
16
Let o(v) = -410*v + 1. Let f be o(2). Let c be 2/5 - f/15. What is the highest common divisor of 22 and c?
11
Suppose -15 - 21 = 3*a. Let g be (9 + -10)*(a - 1). Let m be ((-13)/2)/((-1)/2). What is the highest common factor of g and m?
13
Let j(l) = -6*l**2 + 21*l + 12. Let w be j(3). Calculate the highest common divisor of 273 and w.
21
Let p(i) = i**2 + 8*i - 1. Let k be p(-9). Suppose r + 8 = s, s = r - 5*r + k. What is the greatest common factor of 88 and s?
8
Suppose -15*c + 3150 = -10*c. Suppose 0 = 11*r - 4*r - c. What is the highest common divisor of 18 and r?
18
Let q(m) = 17*m - 405. Let g be q(25). Calculate the greatest common factor of 320 and g.
20
Suppose -n + f + 40 = 0, -53 = -n + 3*f - 11. What is the highest common divisor of n and 12?
3
Let r(q) = q**2 + 12*q - 8. Let w be r(-13). Suppose 16 = y - w. What is the highest common factor of y and 147?
21
Let n(i) = -145*i**2 + 4. Let v(q) = 290*q**2 - 9. Let k(f) = -7*n(f) - 3*v(f). Let d be k(-1). What is the greatest common divisor of 16 and d?
16
Let l = 209 - 109. Let p(c) = -4 - 24*c + 3*c + 2. Let b be p(-2). What is the highest common divisor of l and b?
20
Let n = 365 + -343. Let r = 7 - 3. Suppose -r*h = -h - 9, 3*h - 537 = -3*u. What is the highest common divisor of n and u?
22
Suppose -4 = -0*r + 4*r, 5*x + 3*r = 197. Let y be 20/8 + (-1)/2. Let z be (-4)/y + 0 + 10. What is the greatest common divisor of x and z?
8
Let f(i) = -2*i + 11. Let x(b) = -2*b + 11. Let r(k) = 2*f(k) - 3*x(k). Let h be r(14). Calculate the highest common divisor of h and 85.
17
Suppose n = -4*n + 1360. What is the highest common divisor of 204 and n?
68
Let w(c) = -5*c + 70. Let u be w(8). Calculate the greatest common divisor of 420 and u.
30
Let r be 2/(-4)*-2 + 167. Let l = 264 - 243. Calculate the greatest common factor of l and r.
21
Let h = -8 + 8. Suppose 3*x + f - 86 = h, x = 4*x - 3*f - 102. Calculate the greatest common factor of 90 and x.
30
Let d be 2/4*2*-11. Let k(y) = -y - 21. Let v(i) = -7. Let c(t) = 2*k(t) - 7*v(t). Let w be c(d). Calculate the greatest common factor of 203 and w.
29
Suppose t + 18 = 60. Let a be (-3)/(-2)*-2 - 180. Let u be ((-8)/6)/(-2) + a/(-9). Calculate the greatest common divisor of u and t.
21
Let v = 658 - 218. Let r be 5/6*3*16. What is the greatest common factor of r and v?
40
Suppose -5*d = -5*n + 80, 0*n - d + 59 = 4*n. Let f be 211 - n - 2*2. Calculate the highest common divisor of f and 24.
24
Let n = 1271 + -1214. What is the greatest common divisor of 114 and n?
57
Suppose 2*p - 2*y = 120, 3*p - 187 = -0*p - 4*y. Let j = -10 + p. Let n(g) = 18*g**2 - 2*g + 1. Let v be n(1). What is the highest common divisor of j and v?
17
Suppose 2*f + 5*t = -9, -3*f + 2*f = 4*t + 9. Let c be (-42)/(-4) - f/2. Suppose -5*d = -c*d + 64. Calculate the highest common divisor of d and 128.
16
Suppose 0 = 2*o + 76 - 230. Let d(a) = -8*a + 15*a + 14 - 8*a + 0*a. Let s be d(7). What is the highest common factor of s and o?
7
Suppose 0 = 7*d - 4419 + 44. What is the highest common divisor of d and 25?
25
Suppose 74 = 4*p - 2*p + 2*z, -4*z = 8. What is the highest common factor of 12 and p?
3
Let o = -6 - -10. Let f(t) = t**3 - 8*t**2 - 5*t - 4. Let m be f(8). Let h = m - -48. What is the greatest common divisor of h and o?
4
Suppose 0*d = -5*d + 10. Suppose d*z + 4 + 6 = 0. Let r be (-30)/6*4/z. What is the highest common factor of r and 16?
4
Let h = -1712 + 2034. Calculate the highest common factor of h and 14.
14
Let b be (-1)/(3/2 + -2). Suppose d + 3*l = 6 + 4, b*l = -2. Let v be (-1642)/(-18) + (-4)/18. What is the greatest common factor of v and d?
13
Let o = -214 + 223. What is the highest common factor of o and 261?
9
Let p = 339 + -321. Calculate the highest common divisor of p and 234.
18
Let z = 5 + 9. Let q(a) = -a**2 + 14*a + 7. Let i be q(z). Suppose -2*s = 4*s - 378. What is the greatest common divisor of s and i?
7
Let z = -1 + 23. Let p(r) be the first derivative of -r**3/3 + 23*r**2/2 - 27*r - 6. Let f be p(20). Calculate the highest common factor of f and z.
11
Let z = 602 + -560. Calculate the highest common divisor of 224 and z.
14
Let u be -5 + -20*150/(-24). Calculate the highest common factor of u and 168.
24
Suppose 102*m = 104*m - 28. Calculate the highest common factor of 455 and m.
7
Let k be -1*(-18)/(-8)*(53 + -57). What is the highest common divisor of 2169 and k?
9
Suppose 5*l = 5*z - 150 + 25, 3*z - 73 = 2*l. Suppose 4*w - z = -2*x + 41, x - 20 = 2*w. Calculate the greatest common divisor of x and 13.
13
Let l be (1/(-2))/(14/(-5376)). Suppose -4*a + l = -0*a. Suppose 2*b = 3*x - a, 3*x + 5*b - 27 = -0. What is the highest common factor of 14 and x?
14
Let t(v) = -v**2 - 8*v + 43. Let k be t(-11). What is the highest common divisor of k and 15?
5
Let m(c) = 64*c**2 + 3*c + 0*c - c**3 - 69*c**2. Let h be m(-6). Calculate the greatest common factor of 9 and h.
9
Let a = 298 + -288. What is the highest common factor of a and 310?
10
Let w be (-4)/2 + 252/4. Let o = w - 54. Calculate the greatest common factor of 28 and o.
7
Suppose